{"id":161,"date":"2021-09-17T13:09:46","date_gmt":"2021-09-17T11:09:46","guid":{"rendered":"https:\/\/dashboard-socfin.emblematik.dev\/?page_id=161"},"modified":"2024-08-06T10:04:04","modified_gmt":"2024-08-06T08:04:04","slug":"politique","status":"publish","type":"page","link":"https:\/\/www.socfin.com\/dashboard\/politique\/","title":{"rendered":"Politique"},"content":{"rendered":"<p>[et_pb_section fb_built=&#8221;1&#8243; fullwidth=&#8221;on&#8221; _builder_version=&#8221;4.16&#8243; _module_preset=&#8221;default&#8221; global_colors_info=&#8221;{}&#8221;][et_pb_fullwidth_header text_orientation=&#8221;center&#8221; background_overlay_color=&#8221;rgba(0,0,0,0.4)&#8221; _builder_version=&#8221;4.16&#8243; _module_preset=&#8221;default&#8221; background_color=&#8221;RGBA(0,0,0,0)&#8221; background_image=&#8221;http:\/\/socfin.com\/dashboard\/wp-content\/uploads\/2021\/02\/0.-Cover-scaled.jpg&#8221; height=&#8221;275px&#8221; global_colors_info=&#8221;{}&#8221;][\/et_pb_fullwidth_header][\/et_pb_section][et_pb_section fb_built=&#8221;1&#8243; _builder_version=&#8221;4.16&#8243; _module_preset=&#8221;default&#8221; global_colors_info=&#8221;{}&#8221;][et_pb_row column_structure=&#8221;1_2,1_2&#8243; _builder_version=&#8221;4.16&#8243; _module_preset=&#8221;default&#8221; custom_margin=&#8221;|auto||268px||&#8221; global_colors_info=&#8221;{}&#8221;][et_pb_column type=&#8221;1_2&#8243; _builder_version=&#8221;4.16&#8243; _module_preset=&#8221;default&#8221; global_colors_info=&#8221;{}&#8221;][et_pb_text _builder_version=&#8221;4.16&#8243; _dynamic_attributes=&#8221;content&#8221; _module_preset=&#8221;default&#8221; custom_margin=&#8221;||15px||false|false&#8221; global_colors_info=&#8221;{}&#8221;]@ET-DC@eyJkeW5hbWljIjp0cnVlLCJjb250ZW50IjoicG9zdF90aXRsZSIsInNldHRpbmdzIjp7ImJlZm9yZSI6IjxoMT4iLCJhZnRlciI6IjwvaDE+In19@[\/et_pb_text][et_pb_text _builder_version=&#8221;4.26.1&#8243; _module_preset=&#8221;default&#8221; hover_enabled=&#8221;0&#8243; global_colors_info=&#8221;{}&#8221; sticky_enabled=&#8221;0&#8243;]<\/p>\n<p>Notre philosophie est de continuellement progresser pour prot\u00e9ger l\u2019environnement naturel de nos plantations, pour assurer le respect des droits humains et pour am\u00e9liorer les conditions de vie rurale des r\u00e9gions o\u00f9 nous sommes pr\u00e9sents. Cette am\u00e9lioration continue est port\u00e9e par des pratiques innovantes et transformatrices qui cr\u00e9ent de la valeur pour tous, nos employ\u00e9s locaux sur le terrain, nos planteurs villageois et les communaut\u00e9s.<\/p>\n<p>Nous avons alors formalis\u00e9 une strat\u00e9gie de d\u00e9veloppement durable avec des engagements ambitieux et d\u00e9velopp\u00e9 une charte appel\u00e9e \u00ab politique de gestion responsable \u00bb.<\/p>\n<p>[\/et_pb_text][et_pb_text _builder_version=&#8221;4.26.1&#8243; _module_preset=&#8221;default&#8221; background_color=&#8221;#00A850&#8243; hover_enabled=&#8221;0&#8243; global_colors_info=&#8221;{}&#8221; text_text_color=&#8221;#FFFFFF&#8221; sticky_enabled=&#8221;0&#8243;]<\/p>\n<p style=\"text-align: center;\"><strong>Une politique de gestion responsable garantissant le respect de nos engagements et de nos valeurs par des actions concr\u00e8tes<\/strong><\/p>\n<p>[\/et_pb_text][et_pb_text _builder_version=&#8221;4.26.1&#8243; _module_preset=&#8221;default&#8221; custom_padding=&#8221;||0px|||&#8221; hover_enabled=&#8221;0&#8243; global_colors_info=&#8221;{}&#8221; sticky_enabled=&#8221;0&#8243;]<\/p>\n<p>Cette politique a \u00e9t\u00e9 d\u00e9velopp\u00e9e en collaboration avec <a href=\"https:\/\/www.earthworm.org\/fr\/\" target=\"_blank\" rel=\"noopener\">Earthworm Foundation (EF)<\/a> et avec la <a href=\"https:\/\/sustainablenaturalrubber.org\/about-us\/\" target=\"_blank\" rel=\"noopener\">GPSNR <\/a>ainsi qu\u2019en impliquant de nombreuses autres parties prenantes internes et externes. Elle a pour objectif de d\u00e9finir une ligne de conduite et la mise en \u0153uvre d\u2019actions concr\u00e8tes, r\u00e9alisant notre strat\u00e9gie et nos engagements ambitieux de d\u00e9veloppement durable sur le terrain.<\/p>\n<p>Cr\u00e9\u00e9e en 2017, revue en 2022 et approuv\u00e9e par notre Conseil d\u2019administration en mars 2022, notre politique pr\u00e9cise notre approche dans nos trois domaines d\u2019impact : le d\u00e9veloppement rural et local, l\u2019am\u00e9lioration des conditions de vie de nos employ\u00e9s et des communaut\u00e9s et la gestion des ressources naturelles.<\/p>\n<p>[\/et_pb_text][et_pb_text _builder_version=&#8221;4.26.1&#8243; _module_preset=&#8221;default&#8221; hover_enabled=&#8221;0&#8243; global_colors_info=&#8221;{}&#8221; sticky_enabled=&#8221;0&#8243;]<\/p>\n<p>Gr\u00e2ce \u00e0 cet \u00e9change d\u2019expertises avec les diff\u00e9rentes parties prenantes, nous avons pu renforcer et aligner notre politique notamment avec les <a href=\"https:\/\/sustainablenaturalrubber.org\/policy-framework\/\" target=\"_blank\" rel=\"noopener\">\u00e9l\u00e9ments de la politique de la GPSNR<\/a> qui reprend 12 principes de durabilit\u00e9. La GPSNR s\u2019est fix\u00e9 pour <a href=\"https:\/\/sustainablenaturalrubber.org\/desired-state\/ \" target=\"_blank\" rel=\"noopener\">mission<\/a> de diriger l&#8217;am\u00e9lioration des performances socio-\u00e9conomiques et environnementales de la cha\u00eene de valeur du caoutchouc naturel.<\/p>\n<p>Notre politique de gestion responsable est appliqu\u00e9e \u00e0 l\u2019ensemble de nos plantations mais \u00e9galement \u00e0 nos sous-traitants et fournisseurs.<\/p>\n<p>[\/et_pb_text][\/et_pb_column][et_pb_column type=&#8221;1_2&#8243; _builder_version=&#8221;4.16&#8243; _module_preset=&#8221;default&#8221; global_colors_info=&#8221;{}&#8221;][et_pb_text _builder_version=&#8221;4.26.1&#8243; _module_preset=&#8221;default&#8221; background_color=&#8221;#383838&#8243; background_layout=&#8221;dark&#8221; custom_padding=&#8221;30px|30px|30px|30px|true|false&#8221; custom_padding_tablet=&#8221;|15px||15px|true|false&#8221; custom_padding_phone=&#8221;&#8221; custom_padding_last_edited=&#8221;on|desktop&#8221; hover_enabled=&#8221;0&#8243; global_colors_info=&#8221;{}&#8221; sticky_enabled=&#8221;0&#8243;]<\/p>\n<h2>Document<\/h2>\n<ul>\n<li><a href=\"http:\/\/socfin.com\/dashboard\/wp-content\/uploads\/2022\/03\/2022-03-30-Groupe-Socfin_Politique-de-gestion-responsable.pdf\" rel=\"attachment noopener wp-att-3359\" target=\"_blank\">Politique de gestion responsable (mise \u00e0 jour le 30\/03\/2022)<\/a><\/li>\n<\/ul>\n<p>[\/et_pb_text][et_pb_image src=&#8221;http:\/\/socfin.com\/dashboard\/wp-content\/uploads\/2022\/10\/3-piliers.jpg&#8221; title_text=&#8221;3 piliers&#8221; align=&#8221;center&#8221; _builder_version=&#8221;4.16&#8243; _module_preset=&#8221;default&#8221; global_colors_info=&#8221;{}&#8221;][\/et_pb_image][\/et_pb_column][\/et_pb_row][et_pb_row _builder_version=&#8221;4.16&#8243; _module_preset=&#8221;default&#8221; global_colors_info=&#8221;{}&#8221;][et_pb_column type=&#8221;4_4&#8243; _builder_version=&#8221;4.16&#8243; _module_preset=&#8221;default&#8221; global_colors_info=&#8221;{}&#8221;][\/et_pb_column][\/et_pb_row][\/et_pb_section]<\/p>\n","protected":false},"excerpt":{"rendered":"<p>Notre philosophie est de continuellement progresser pour prot\u00e9ger l\u2019environnement naturel de nos plantations, pour assurer le respect des droits humains et pour am\u00e9liorer les conditions de vie rurale des r\u00e9gions o\u00f9 nous sommes pr\u00e9sents. Cette am\u00e9lioration continue est port\u00e9e par des pratiques innovantes et transformatrices qui cr\u00e9ent de la valeur pour tous, nos employ\u00e9s locaux [&hellip;]<\/p>\n","protected":false},"author":1,"featured_media":0,"parent":0,"menu_order":0,"comment_status":"closed","ping_status":"closed","template":"","meta":{"_et_pb_use_builder":"on","_et_pb_old_content":"","_et_gb_content_width":"","inline_featured_image":false,"footnotes":""},"class_list":["post-161","page","type-page","status-publish","hentry"],"_links":{"self":[{"href":"https:\/\/www.socfin.com\/dashboard\/wp-json\/wp\/v2\/pages\/161","targetHints":{"allow":["GET"]}}],"collection":[{"href":"https:\/\/www.socfin.com\/dashboard\/wp-json\/wp\/v2\/pages"}],"about":[{"href":"https:\/\/www.socfin.com\/dashboard\/wp-json\/wp\/v2\/types\/page"}],"author":[{"embeddable":true,"href":"https:\/\/www.socfin.com\/dashboard\/wp-json\/wp\/v2\/users\/1"}],"replies":[{"embeddable":true,"href":"https:\/\/www.socfin.com\/dashboard\/wp-json\/wp\/v2\/comments?post=161"}],"version-history":[{"count":20,"href":"https:\/\/www.socfin.com\/dashboard\/wp-json\/wp\/v2\/pages\/161\/revisions"}],"predecessor-version":[{"id":4749,"href":"https:\/\/www.socfin.com\/dashboard\/wp-json\/wp\/v2\/pages\/161\/revisions\/4749"}],"wp:attachment":[{"href":"https:\/\/www.socfin.com\/dashboard\/wp-json\/wp\/v2\/media?parent=161"}],"curies":[{"name":"wp","href":"https:\/\/api.w.org\/{rel}","templated":true}]}}